 when 434144 is divided by 631?
16
What is the remainder when 2089564 is divided by 208953?
34
Calculate the remainder when 13925690 is divided by 5253.
5240
Calculate the remainder when 18423639 is divided by 129.
117
Calculate the remainder when 25063157 is divided by 1319113.
10
What is the remainder when 40874 is divided by 19338?
2198
What is the remainder when 502678 is divided by 462?
22
Calculate the remainder when 2519169 is divided by 48.
33
Calculate the remainder when 25655 is divided by 2304.
311
Calculate the remainder when 8654 is divided by 2948.
2758
Calculate the remainder when 515938 is divided by 2368.
2082
What is the remainder when 888361 is divided by 127?
123
What is the remainder when 681143 is divided by 48633?
281
Calculate the remainder when 16014833 is divided by 1539.
1538
What is the remainder when 833483 is divided by 686?
679
What is the remainder when 9637 is divided by 459?
457
What is the remainder when 2441155 is divided by 813609?
328
What is the remainder when 80069778 is divided by 20?
18
What is the remainder when 2969083 is divided by 185566?
27
What is the remainder when 3220217 is divided by 1299?
1295
What is the remainder when 335088 is divided by 1408?
1392
What is the remainder when 2404379 is divided by 200364?
11
Calculate the remainder when 455034 is divided by 28434.
90
Calculate the remainder when 2145732 is divided by 100.
32
Calculate the remainder when 1589434 is divided by 45.
34
Calculate the remainder when 84244717 is divided by 1914.
7
Calculate the remainder when 959383 is divided by 186.
181
Calculate the remainder when 6853419 is divided by 5.
4
Calculate the remainder when 1944760 is divided by 413.
356
What is the remainder when 29957308 is divided by 616?
612
Calculate the remainder when 12194672 is divided by 639.
635
What is the remainder when 226513 is divided by 791?
287
Calculate the remainder when 2901602 is divided by 967120.
242
Calculate the remainder when 6319 is divided by 486.
1
Calculate the remainder when 2399771 is divided by 31.
30
What is the remainder when 14692285 is divided by 2187?
19
What is the remainder when 54728395 is divided by 3540?
3535
Calculate the remainder when 6591 is divided by 5775.
816
What is the remainder when 75628 is divided by 7542?
208
What is the remainder when 9092978 is divided by 66372?
14
What is the remainder when 2579312 is divided by 322391?
184
What is the remainder when 764257 is divided by 95466?
529
What is the remainder when 5886221 is divided by 1603?
5
What is the remainder when 692890 is divided by 36430?
720
What is the remainder when 11560915 is divided by 3139?
3117
What is the remainder when 8168805 is divided by 4?
1
Calculate the remainder when 4814753 is divided by 153.
149
What is the remainder when 9108578 is divided by 866?
856
Calculate the remainder when 264005 is divided by 20.
5
Calculate the remainder when 76714398 is divided by 5.
3
Calculate the remainder when 2367060 is divided by 20947.
49
Calculate the remainder when 128809511 is divided by 15.
11
What is the remainder when 379027 is divided by 1476?
1171
What is the remainder when 6522588 is divided by 280?
268
Calculate the remainder when 75387607 is divided by 1109.
5
Calculate the remainder when 922087 is divided by 61472.
7
What is the remainder when 132627 is divided by 12053?
44
What is the remainder when 3028066 is divided by 29?
2
What is the remainder when 101201905 is divided by 564?
1
What is the remainder when 479111 is divided by 482?
3
What is the remainder when 1186393 is divided by 22?
21
What is the remainder when 6486422 is divided by 1589?
124
What is the remainder when 103909571 is divided by 9?
8
Calculate the remainder when 14288719 is divided by 952578.
49
Calculate the remainder when 16166 is divided by 3157.
381
What is the remainder when 178192 is divided by 9891?
154
Calculate the remainder when 22982 is divided by 7084.
1730
Calculate the remainder when 3420722 is divided by 169.
162
Calculate the remainder when 37875536 is divided by 1221791.
15
What is the remainder when 260840 is divided by 26076?
80
What is the remainder when 167789 is divided by 491?
358
Calculate the remainder when 10725376 is divided by 2145073.
11
Calculate the remainder when 7884536 is divided by 471.
467
Calculate the remainder when 302593 is divided by 225.
193
Calculate the remainder when 1827131 is divided by 456733.
199
Calculate the remainder when 18252 is divided by 16610.
1642
Calculate the remainder when 329097 is divided by 381.
294
What is the remainder when 3799955 is divided by 203?
201
Calculate the remainder when 82011685 is divided by 54.
49
What is the remainder when 2278784 is divided by 2254?
2244
Calculate the remainder when 116576 is divided by 457.
41
What is the remainder when 370526 is divided by 15297?
3398
Calculate the remainder when 114288 is divided by 57121.
46
Calculate the remainder when 131199900 is divided by 1656.
1644
Calculate the remainder when 1662929 is divided by 4855.
2519
What is the remainder when 36814 is divided by 6000?
814
Calculate the remainder when 390575 is divided by 7840.
6415
Calculate the remainder when 359916708 is divided by 77.
74
What is the remainder when 1078114 is divided by 580?
474
What is the remainder when 57522 is divided by 4048?
850
Calculate the remainder when 3207190 is divided by 3471.
3457
What is the remainder when 221664 is divided by 458?
450
What is the remainder when 59537 is divided by 103?
3
What is the remainder when 123694009 is divided by 247388?
9
Calculate the remainder when 19646361 is divided by 2182917.
108
Calculate the remainder when 2195 is divided by 1097.
1
What is the remainder when 254109 is divided by 74?
67
Calculate the remainder when 1283385 is divided by 213883.
87
What is the remainder when 3612012 is divided by 1278?
384
What is the remainder when 1057962 is divided by 105793?
32
Calculate the remainder when 6889 is divided by 266.
239
What is the remainder when 117930 is divided by 1924?
566
What is the remainder when 186578 is divided by 877?
654
What is the remainder when 45204 is divided by 524?
140
What is the remainder when 22074521 is divided by 84?
77
What is the remainder when 15605676 is divided by 226169?
15
What is the remainder when 27591100 is divided by 10?
0
What is the remainder when 1562949 is divided by 156263?
319
Calculate the remainder when 133542 is divided by 22219.
228
What is the remainder when 896670 is divided by 448269?
132
What is the remainder when 51580695 is divided by 4015?
4005
Calculate the remainder when 101506 is divided by 633.
226
What is the remainder when 3592537 is divided by 143698?
87
Calculate the remainder when 29256900 is divided by 1142.
2
Calculate the remainder when 77092122 is divided by 125.
122
Calculate the remainder when 67667 is divided by 2049.
50
What is the remainder when 584564 is divided by 1580?
1544
Calculate the remainder when 10140353 is divided by 4161.
4157
Calculate the remainder when 7401429 is divided by 3700648.
133
What is the remainder when 29289044 is divided by 91?
57
What is the remainder when 11552070 is divided by 5909?
5884
Calculate the remainder when 918945 is divided by 13715.
40
What is the remainder when 1527 is divided by 48?
39
What is the remainder when 13509240 is divided by 2013?
2010
Calculate the remainder when 12130448 is divided by 6065197.
54
Calculate the remainder when 3497863 is divided by 184098.
1
What is the remainder when 199317 is divided by 33083?
819
What is the remainder when 587160 is divided by 7527?
54
What is the remainder when 1000335 is divided by 159?
66
What is the remainder when 145313534 is divided by 1949?
1941
Calculate the remainder when 31581533 is divided by 1097.
0
What is the remainder when 50471 is divided by 6198?
887
Calculate the remainder when 5928472 is divided by 71427.
31
Calculate the remainder when 2027527 is divided by 135166.
37
Calculate the remainder when 5326063 is divided by 26.
15
Calculate the remainder when 157106 is divided by 78529.
48
Calculate the remainder when 3352192 is divided by 218.
6
Calculate the remainder when 2888554 is divided by 320898.
472
Calculate the remainder when 16240 is divided 